{"id":275,"date":"2020-07-20T09:33:43","date_gmt":"2020-07-20T09:33:43","guid":{"rendered":"https:\/\/masterclass.e-nformation.ro\/?page_id=275"},"modified":"2021-03-10T16:49:36","modified_gmt":"2021-03-10T16:49:36","slug":"recomanda-ne","status":"publish","type":"page","link":"https:\/\/masterclass.lvgassistance.ro\/index.php\/recomanda-ne\/","title":{"rendered":"Recomand\u0103-ne"},"content":{"rendered":"\t\t<div data-elementor-type=\"wp-page\" data-elementor-id=\"275\" class=\"elementor elementor-275\" data-elementor-settings=\"[]\">\n\t\t\t\t\t\t<div class=\"elementor-inner\">\n\t\t\t\t\t\t\t<div class=\"elementor-section-wrap\">\n\t\t\t\t\t\t\t<section class=\"elementor-section elementor-top-section elementor-element elementor-element-8a98a6d elementor-section-boxed elementor-section-height-default elementor-section-height-default\" data-id=\"8a98a6d\" data-element_type=\"section\">\n\t\t\t\t\t\t<div class=\"elementor-container elementor-column-gap-default\">\n\t\t\t\t\t\t\t<div class=\"elementor-row\">\n\t\t\t\t\t<div class=\"elementor-column elementor-col-100 elementor-top-column elementor-element elementor-element-7de0070\" data-id=\"7de0070\" data-element_type=\"column\">\n\t\t\t<div class=\"elementor-column-wrap elementor-element-populated\">\n\t\t\t\t\t\t\t<div class=\"elementor-widget-wrap\">\n\t\t\t\t\t\t<div class=\"elementor-element elementor-element-eae18c7 elementor-widget__width-initial elementor-widget elementor-widget-html\" data-id=\"eae18c7\" data-element_type=\"widget\" data-widget_type=\"html.default\">\n\t\t\t\t<div class=\"elementor-widget-container\">\n\t\t\t<h7>Recomand\u0103<\/h7>\n<h3 style=\"margin-top:0px\">Masterclass-ul Enformation<\/h3>\t\t<\/div>\n\t\t\t\t<\/div>\n\t\t\t\t\t\t<\/div>\n\t\t\t\t\t<\/div>\n\t\t<\/div>\n\t\t\t\t\t\t\t\t<\/div>\n\t\t\t\t\t<\/div>\n\t\t<\/section>\n\t\t\t\t<section class=\"elementor-section elementor-top-section elementor-element elementor-element-834dc6f elementor-section-boxed elementor-section-height-default elementor-section-height-default\" data-id=\"834dc6f\" data-element_type=\"section\">\n\t\t\t\t\t\t<div class=\"elementor-container elementor-column-gap-default\">\n\t\t\t\t\t\t\t<div class=\"elementor-row\">\n\t\t\t\t\t<div class=\"elementor-column elementor-col-50 elementor-top-column elementor-element elementor-element-38d7eb0\" data-id=\"38d7eb0\" data-element_type=\"column\">\n\t\t\t<div class=\"elementor-column-wrap elementor-element-populated\">\n\t\t\t\t\t\t\t<div class=\"elementor-widget-wrap\">\n\t\t\t\t\t\t<div class=\"elementor-element elementor-element-5fb1855 elementor-widget elementor-widget-text-editor\" data-id=\"5fb1855\" data-element_type=\"widget\" data-widget_type=\"text-editor.default\">\n\t\t\t\t<div class=\"elementor-widget-container\">\n\t\t\t\t\t\t\t\t<div class=\"elementor-text-editor elementor-clearfix\">\n\t\t\t\t\t<p><span style=\"font-weight: 400;\">Dac\u0103 dore\u0219ti s\u0103 beneficiezi de formarea <\/span><b>Masterclass Enformation<\/b><span style=\"font-weight: 400;\">, \u00eens\u0103 institu\u021bia la care e\u0219ti afiliat nu utilizeaz\u0103 \u00eenc\u0103 serviciile Enformation, po\u021bi recomanda modulele la care vrei s\u0103 participi reprezentantului unit\u0103\u021bii tale. Completeaz\u0103 <\/span><span style=\"font-weight: 400;\">formularul de mai jos<\/span><span style=\"font-weight: 400;\">, iar noi vom contacta institu\u021bia la care e\u0219ti afiliat pentru a prezenta solicitarea ta de a participa la unul sau mai multe module ale <\/span><b>Masterclass-ului Enformation<\/b><span style=\"font-weight: 400;\">.<\/span><\/p>\t\t\t\t\t<\/div>\n\t\t\t\t\t\t<\/div>\n\t\t\t\t<\/div>\n\t\t\t\t\t\t<\/div>\n\t\t\t\t\t<\/div>\n\t\t<\/div>\n\t\t\t\t<div class=\"elementor-column elementor-col-50 elementor-top-column elementor-element elementor-element-caecace\" data-id=\"caecace\" data-element_type=\"column\">\n\t\t\t<div class=\"elementor-column-wrap elementor-element-populated\">\n\t\t\t\t\t\t\t<div class=\"elementor-widget-wrap\">\n\t\t\t\t\t\t<div class=\"elementor-element elementor-element-48a1834 elementor-widget elementor-widget-html\" data-id=\"48a1834\" data-element_type=\"widget\" data-widget_type=\"html.default\">\n\t\t\t\t<div class=\"elementor-widget-container\">\n\t\t\t<script src=\"\/\/code.jquery.com\/jquery-1.10.2.js\"><\/script>\r\n<form id=\"form\" class=\"topBefore\">\r\n\t\t\r\n\t\t  <input id=\"name\" type=\"text\" placeholder=\"Nume \u0219i Prenume\">\r\n\t\t\t<select id=\"functie\" name=\"functie\" placeholder=\"Func\u021bia \">\r\n    <option value=\"functie 1\">Functie 1<\/option>\r\n    <option value=\"functie 2\">Functie 2<\/option>\r\n    <option value=\"functie 3\">Functie 3<\/option>\r\n    <option value=\"functie 4\">Functie 4<\/option>\r\n  <\/select>\r\n\t<input id=\"email\" type=\"text\" placeholder=\"E-MAIL\">\r\n\t   <input type=\"checkbox\" name=\"favorite_pet\" value=\"Cats\">Cats<br>      \r\n     <input type=\"checkbox\" name=\"favorite_pet\" value=\"Dogs\">Dogs<br>      \r\n     <input type=\"checkbox\" name=\"favorite_pet\" value=\"Birds\">Birds<br>\r\n\t\t\t<input type=\"text\" name=\"currency\" class=\"biginput\" id=\"autocomplete\" placeholder=\"Institutie\">\r\n\t\t  <input id=\"email\" type=\"text\" placeholder=\"E-MAIL\">\r\n\t\t  \r\n\t\t\t\r\n  <input id=\"submit\" type=\"submit\" value=\"GO!\">\r\n  \r\n<\/form>\t\t<\/div>\n\t\t\t\t<\/div>\n\t\t\t\t\t\t<\/div>\n\t\t\t\t\t<\/div>\n\t\t<\/div>\n\t\t\t\t\t\t\t\t<\/div>\n\t\t\t\t\t<\/div>\n\t\t<\/section>\n\t\t\t\t\t\t<\/div>\n\t\t\t\t\t\t<\/div>\n\t\t\t\t\t<\/div>\n\t\t","protected":false},"excerpt":{"rendered":"<p>Recomand\u0103 Masterclass-ul Enformation Dac\u0103 dore\u0219ti s\u0103 beneficiezi de formarea Masterclass Enformation, \u00eens\u0103 institu\u021bia la care e\u0219ti afiliat nu utilizeaz\u0103 \u00eenc\u0103 serviciile Enformation, po\u021bi recomanda modulele la care vrei s\u0103 participi reprezentantului unit\u0103\u021bii tale. Completeaz\u0103 formularul de mai jos, iar noi vom contacta institu\u021bia la care e\u0219ti afiliat pentru a prezenta solicitarea ta de a participa la unul sau mai multe module ale Masterclass-ului Enformation.<\/p>\n","protected":false},"author":1,"featured_media":0,"parent":0,"menu_order":0,"comment_status":"closed","ping_status":"closed","template":"","meta":[],"_links":{"self":[{"href":"https:\/\/masterclass.lvgassistance.ro\/index.php\/wp-json\/wp\/v2\/pages\/275"}],"collection":[{"href":"https:\/\/masterclass.lvgassistance.ro\/index.php\/wp-json\/wp\/v2\/pages"}],"about":[{"href":"https:\/\/masterclass.lvgassistance.ro\/index.php\/wp-json\/wp\/v2\/types\/page"}],"author":[{"embeddable":true,"href":"https:\/\/masterclass.lvgassistance.ro\/index.php\/wp-json\/wp\/v2\/users\/1"}],"replies":[{"embeddable":true,"href":"https:\/\/masterclass.lvgassistance.ro\/index.php\/wp-json\/wp\/v2\/comments?post=275"}],"version-history":[{"count":4,"href":"https:\/\/masterclass.lvgassistance.ro\/index.php\/wp-json\/wp\/v2\/pages\/275\/revisions"}],"predecessor-version":[{"id":439,"href":"https:\/\/masterclass.lvgassistance.ro\/index.php\/wp-json\/wp\/v2\/pages\/275\/revisions\/439"}],"wp:attachment":[{"href":"https:\/\/masterclass.lvgassistance.ro\/index.php\/wp-json\/wp\/v2\/media?parent=275"}],"curies":[{"name":"wp","href":"https:\/\/api.w.org\/{rel}","templated":true}]}}