{"id":353,"date":"2021-02-11T08:06:56","date_gmt":"2021-02-11T08:06:56","guid":{"rendered":"https:\/\/masterclass.e-nformation.ro\/?page_id=353"},"modified":"2021-02-11T08:37:50","modified_gmt":"2021-02-11T08:37:50","slug":"despre-masterclass-enformation","status":"publish","type":"page","link":"https:\/\/masterclass.lvgassistance.ro\/index.php\/despre-masterclass-enformation\/","title":{"rendered":"Despre MasterClass Enformation"},"content":{"rendered":"\t\t<div data-elementor-type=\"wp-page\" data-elementor-id=\"353\" class=\"elementor elementor-353\" data-elementor-settings=\"[]\">\n\t\t\t\t\t\t<div class=\"elementor-inner\">\n\t\t\t\t\t\t\t<div class=\"elementor-section-wrap\">\n\t\t\t\t\t\t\t<section class=\"elementor-section elementor-top-section elementor-element elementor-element-fc933db elementor-section-boxed elementor-section-height-default elementor-section-height-default\" data-id=\"fc933db\" data-element_type=\"section\">\n\t\t\t\t\t\t<div class=\"elementor-container elementor-column-gap-default\">\n\t\t\t\t\t\t\t<div class=\"elementor-row\">\n\t\t\t\t\t<div class=\"elementor-column elementor-col-33 elementor-top-column elementor-element elementor-element-35b606a\" data-id=\"35b606a\" data-element_type=\"column\">\n\t\t\t<div class=\"elementor-column-wrap elementor-element-populated\">\n\t\t\t\t\t\t\t<div class=\"elementor-widget-wrap\">\n\t\t\t\t\t\t<div class=\"elementor-element elementor-element-138905a elementor-widget elementor-widget-image\" data-id=\"138905a\" data-element_type=\"widget\" data-widget_type=\"image.default\">\n\t\t\t\t<div class=\"elementor-widget-container\">\n\t\t\t\t\t\t\t\t<div class=\"elementor-image\">\n\t\t\t\t\t\t\t\t\t\t\t\t<img width=\"300\" height=\"59\" src=\"https:\/\/masterclass.lvgassistance.ro\/wp-content\/uploads\/2020\/06\/logo_enformation-1-300x59.png\" class=\"attachment-medium size-medium\" alt=\"\" loading=\"lazy\" srcset=\"https:\/\/masterclass.lvgassistance.ro\/wp-content\/uploads\/2020\/06\/logo_enformation-1-300x59.png 300w, https:\/\/masterclass.lvgassistance.ro\/wp-content\/uploads\/2020\/06\/logo_enformation-1.png 430w\" sizes=\"(max-width: 300px) 100vw, 300px\" \/>\t\t\t\t\t\t\t\t\t\t\t\t\t\t<\/div>\n\t\t\t\t\t\t<\/div>\n\t\t\t\t<\/div>\n\t\t\t\t<div class=\"elementor-element elementor-element-3b68f76 elementor-widget elementor-widget-image\" data-id=\"3b68f76\" data-element_type=\"widget\" data-widget_type=\"image.default\">\n\t\t\t\t<div class=\"elementor-widget-container\">\n\t\t\t\t\t\t\t\t<div class=\"elementor-image\">\n\t\t\t\t\t\t\t\t\t\t\t\t<img width=\"300\" height=\"92\" src=\"https:\/\/masterclass.lvgassistance.ro\/wp-content\/uploads\/2020\/06\/logo_masterclass_2Asset-1@3x-300x92.png\" class=\"attachment-medium size-medium\" alt=\"\" loading=\"lazy\" srcset=\"https:\/\/masterclass.lvgassistance.ro\/wp-content\/uploads\/2020\/06\/logo_masterclass_2Asset-1@3x-300x92.png 300w, https:\/\/masterclass.lvgassistance.ro\/wp-content\/uploads\/2020\/06\/logo_masterclass_2Asset-1@3x.png 560w\" sizes=\"(max-width: 300px) 100vw, 300px\" \/>\t\t\t\t\t\t\t\t\t\t\t\t\t\t<\/div>\n\t\t\t\t\t\t<\/div>\n\t\t\t\t<\/div>\n\t\t\t\t\t\t<\/div>\n\t\t\t\t\t<\/div>\n\t\t<\/div>\n\t\t\t\t<div class=\"elementor-column elementor-col-66 elementor-top-column elementor-element elementor-element-ec18344\" data-id=\"ec18344\" data-element_type=\"column\">\n\t\t\t<div class=\"elementor-column-wrap elementor-element-populated\">\n\t\t\t\t\t\t\t<div class=\"elementor-widget-wrap\">\n\t\t\t\t\t\t<div class=\"elementor-element elementor-element-07e11db elementor-widget elementor-widget-text-editor\" data-id=\"07e11db\" data-element_type=\"widget\" data-widget_type=\"text-editor.default\">\n\t\t\t\t<div class=\"elementor-widget-container\">\n\t\t\t\t\t\t\t\t<div class=\"elementor-text-editor elementor-clearfix\">\n\t\t\t\t\t<p>Conceput \u0219i desf\u0103\u0219urat de Enformation \u0219i dedicat cercet\u0103torilor talenta\u021bi, competitivi, moderni, actuali \u0219i lipsi\u021bi de prejudec\u0103\u021bi care doresc s\u0103 afle informa\u021bii cheie despre publicarea \u00een reviste \u0219tiin\u021bifice de top Enformation Masterclass ofer\u0103 cursuri \u0219i webinarii inovatoare despre scrierea academic\u0103, destinate cercet\u0103torilor de toate nivelurile \u0219i din toate domeniile \u0219tiin\u021bei.<\/p><p>Cursurile sunt livrate de formatori specializa\u021bi \u0219i de colaboratori interna\u021bionali care au o experien\u021b\u0103 vast\u0103 \u00een publicare. Scopul principal al cursului este de a ajuta institu\u021biile academice \u0219i non-academice s\u0103 \u00ee\u0219i sus\u021bin\u0103 cercet\u0103torii \u00een procesul de publicare.<\/p>\t\t\t\t\t<\/div>\n\t\t\t\t\t\t<\/div>\n\t\t\t\t<\/div>\n\t\t\t\t\t\t<\/div>\n\t\t\t\t\t<\/div>\n\t\t<\/div>\n\t\t\t\t\t\t\t\t<\/div>\n\t\t\t\t\t<\/div>\n\t\t<\/section>\n\t\t\t\t<section class=\"elementor-section elementor-top-section elementor-element elementor-element-c8e8b26 elementor-section-boxed elementor-section-height-default elementor-section-height-default\" data-id=\"c8e8b26\" data-element_type=\"section\">\n\t\t\t\t\t\t<div class=\"elementor-container elementor-column-gap-default\">\n\t\t\t\t\t\t\t<div class=\"elementor-row\">\n\t\t\t\t\t<div class=\"elementor-column elementor-col-100 elementor-top-column elementor-element elementor-element-cf0041c\" data-id=\"cf0041c\" data-element_type=\"column\">\n\t\t\t<div class=\"elementor-column-wrap elementor-element-populated\">\n\t\t\t\t\t\t\t<div class=\"elementor-widget-wrap\">\n\t\t\t\t\t\t<div class=\"elementor-element elementor-element-2dfd789 elementor-widget elementor-widget-text-editor\" data-id=\"2dfd789\" data-element_type=\"widget\" data-widget_type=\"text-editor.default\">\n\t\t\t\t<div class=\"elementor-widget-container\">\n\t\t\t\t\t\t\t\t<div class=\"elementor-text-editor elementor-clearfix\">\n\t\t\t\t\t\n\nPentru a ajuta cercet\u0103torii rom\u00e2ni s\u0103 \u00ee\u0219i publice cele mai bune rezultate ale activit\u0103\u021bii lor \u00een reviste de renume, Enformation a dezvoltat Innovative Writing Masterclass. Fiecare modul a fost conceput s\u0103 r\u0103spund\u0103 la cele mai stringente \u00eentreb\u0103ri ale cercet\u0103torilor \u0219i s\u0103 ofere un sprijin real \u00een abordarea unei reviste calitative. Moderatorii \u0219i formatorii no\u0219tri se num\u0103r\u0103 printre cei mai buni \u00een domeniul lor de activitate \u0219i \u0219tiu c\u00e2t de important este pentru un autor s\u0103 primeasc\u0103 indica\u021bii specifice.\t\t\t\t\t<\/div>\n\t\t\t\t\t\t<\/div>\n\t\t\t\t<\/div>\n\t\t\t\t\t\t<\/div>\n\t\t\t\t\t<\/div>\n\t\t<\/div>\n\t\t\t\t\t\t\t\t<\/div>\n\t\t\t\t\t<\/div>\n\t\t<\/section>\n\t\t\t\t\t\t<\/div>\n\t\t\t\t\t\t<\/div>\n\t\t\t\t\t<\/div>\n\t\t","protected":false},"excerpt":{"rendered":"<p>Conceput \u0219i desf\u0103\u0219urat de Enformation \u0219i dedicat cercet\u0103torilor talenta\u021bi, competitivi, moderni, actuali \u0219i lipsi\u021bi de prejudec\u0103\u021bi care doresc s\u0103 afle informa\u021bii cheie despre publicarea \u00een reviste \u0219tiin\u021bifice de top Enformation Masterclass ofer\u0103 cursuri \u0219i webinarii inovatoare despre scrierea academic\u0103, destinate cercet\u0103torilor de toate nivelurile \u0219i din toate domeniile \u0219tiin\u021bei. Cursurile sunt livrate de formatori specializa\u021bi \u0219i de colaboratori interna\u021bionali care au o experien\u021b\u0103 vast\u0103 \u00een publicare. Scopul principal al cursului este de a ajuta institu\u021biile academice \u0219i non-academice s\u0103 \u00ee\u0219i sus\u021bin\u0103 cercet\u0103torii \u00een procesul de publicare. Pentru a ajuta cercet\u0103torii rom\u00e2ni s\u0103 \u00ee\u0219i publice cele mai bune rezultate ale activit\u0103\u021bii lor \u00een reviste de renume, Enformation a dezvoltat Innovative Writing Masterclass. Fiecare modul a fost conceput s\u0103 r\u0103spund\u0103 la cele mai stringente \u00eentreb\u0103ri ale cercet\u0103torilor \u0219i s\u0103 ofere un sprijin real \u00een abordarea unei reviste calitative. Moderatorii \u0219i formatorii no\u0219tri se num\u0103r\u0103 printre cei mai buni \u00een domeniul lor de activitate \u0219i \u0219tiu c\u00e2t de important este pentru un autor s\u0103 primeasc\u0103 indica\u021bii specifice.<\/p>\n","protected":false},"author":1,"featured_media":0,"parent":0,"menu_order":0,"comment_status":"closed","ping_status":"closed","template":"","meta":[],"_links":{"self":[{"href":"https:\/\/masterclass.lvgassistance.ro\/index.php\/wp-json\/wp\/v2\/pages\/353"}],"collection":[{"href":"https:\/\/masterclass.lvgassistance.ro\/index.php\/wp-json\/wp\/v2\/pages"}],"about":[{"href":"https:\/\/masterclass.lvgassistance.ro\/index.php\/wp-json\/wp\/v2\/types\/page"}],"author":[{"embeddable":true,"href":"https:\/\/masterclass.lvgassistance.ro\/index.php\/wp-json\/wp\/v2\/users\/1"}],"replies":[{"embeddable":true,"href":"https:\/\/masterclass.lvgassistance.ro\/index.php\/wp-json\/wp\/v2\/comments?post=353"}],"version-history":[{"count":6,"href":"https:\/\/masterclass.lvgassistance.ro\/index.php\/wp-json\/wp\/v2\/pages\/353\/revisions"}],"predecessor-version":[{"id":366,"href":"https:\/\/masterclass.lvgassistance.ro\/index.php\/wp-json\/wp\/v2\/pages\/353\/revisions\/366"}],"wp:attachment":[{"href":"https:\/\/masterclass.lvgassistance.ro\/index.php\/wp-json\/wp\/v2\/media?parent=353"}],"curies":[{"name":"wp","href":"https:\/\/api.w.org\/{rel}","templated":true}]}}